f o?
13
Let x = 85 + -58. What are the prime factors of x?
3
Let o(b) be the third derivative of -b**4/24 - b**3/3 + b**2. Let x = 8 + -13. What are the prime factors of o(x)?
3
Let w = -33 - -118. What are the prime factors of w?
5, 17
Suppose -2*d = -d - 76. List the prime factors of d.
2, 19
Suppose 0 = -5*x + 2*n - 5, -x - n = 2*n + 1. Let k = -2 - -7. Let i = k - x. What are the prime factors of i?
2, 3
Suppose 3*w = -3*g + 8*w + 10, -4*g = -3*w - 6. Suppose g = 4*a - a - 15. Suppose a*d + 2*i - 3*i - 66 = 0, d + 5*i = 34. List the prime factors of d.
2, 7
Suppose -2*h - 3 = -2*d - 3*h, 0 = -5*d + h + 25. Suppose 178 = 5*x - 5*z + 63, d*z + 64 = 3*x. List the prime factors of x.
2, 7
Let w(c) = -2*c**3 - 9*c**2 - 9*c + 2. Let i(a) = a**3 + a**2 + a + 1. Let h(v) = -i(v) - w(v). What are the prime factors of h(-6)?
3, 7
Suppose 0 = 4*n - 157 + 53. Let c(q) = -q**3 - 5*q**2 - q - 5. Let a be c(-4). Let i = n + a. What are the prime factors of i?
3
Let g be ((-18)/4)/(15/(-140)). Suppose -2*r + 132 = -2*i + g, -10 = 2*i. List the prime factors of r.
2, 5
Let o be (-9)/(-3)*(-4)/6. What are the prime factors of o - -8 - (-3 + 2)?
7
Let i(j) = -9*j - 7. List the prime factors of i(-8).
5, 13
What are the prime factors of (60/(-8))/((-2)/44)?
3, 5, 11
Let a(n) = 12*n + 37. What are the prime factors of a(9)?
5, 29
Suppose 2*j + 17 = -3*s, -5*s = 5*j - 2*s + 29. Let z(t) = -t - 2. Let r be z(j). List the prime factors of 2 - (r - (4 + -2)).
2
Suppose 0 = -5*f + 123 + 367. List the prime factors of f.
2, 7
Let c = 98 + -59. List the prime factors of c.
3, 13
Let d(l) = -l**3 - 3*l + 3. Let y be d(2). Let g(u) = 3*u. Let f be g(7). Let k = f + y. List the prime factors of k.
2, 5
Let v(y) = -y + 9. Let o be v(5). Let k = o + 10. List the prime factors of k.
2, 7
Let r = -25 + 12. Let u(q) = -4*q + 12. Let y(z) = z - 1. Let p(i) = -u(i) - 5*y(i). What are the prime factors of p(r)?
2, 3
Suppose 5*d - 15 = 2*d. Let x(m) be the third derivative of -m**5/60 + m**4/4 - m**3/6 + 2*m**2. List the prime factors of x(d).
2
Suppose -n = -3*s - 4 + 1, -4*n + 4*s - 4 = 0. What are the prime factors of (n - -2)/(2/(-10))?
5
Let w(k) = k**2 - 2*k - 2. Let s be w(-3). Suppose p = -0*p + s. Suppose o - 45 = -5*x + 2*x, x = -o + p. List the prime factors of x.
2
Suppose -109 = -2*d - 3. What are the prime factors of d?
53
Let c be 97 - (3 + 0)/3. Suppose 4*q = i + c, -3*i + 6 = 18. Let d = q + -16. What are the prime factors of d?
7
Let s(l) = -l**3 + 5*l**2 + 5*l + 1. List the prime factors of s(4).
37
Let p = 10 - 6. Let w(z) = -z**2 + 3*z + 2. Let q be w(p). What are the prime factors of (3 - q/(-10))*5?
2, 7
Let a = 102 + -61. List the prime factors of a.
41
Suppose 4*l - 72 = -4*i + 180, 0 = -3*l + 5*i + 229. Let d = l - 23. List the prime factors of d.
3, 5
List the prime factors of -1*3 + (-7 - -93).
83
Suppose 0 = 2*d + i - 15, d - 3*i + 1 - 26 = 0. Suppose -5*h = d - 0. What are the prime factors of (h - -8)*(-4)/(-3)?
2
Suppose -2 = -4*a - 6, -5*a - 8 = -l. Let u be 1 - (-2 - -1*l). List the prime factors of (-2 - u)/(4/(-26)).
13
Let g(i) = -4*i - 6. Let j be g(7). What are the prime factors of (-6 - -5)/(2/j)?
17
Let u(x) = x**3 + 6*x**2 - 7*x + 2. Let i be u(-7). Suppose -3*k - 9 = -y + 19, -i*k = 8. What are the prime factors of y?
2
Suppose 0 = -2*q - 2*g + 7*g - 7, -3*q + 4*g = 0. Suppose 3*c - 2*j = -15 + 100, -c = -q*j - 15. Suppose 5*t - 19 = c. What are the prime factors of t?
2, 5
Let o(s) = s**2 + 1. Let c(j) = -5*j**2 + 3*j - 8. Let z(d) = -c(d) - 6*o(d). Let q be z(-3). Suppose q*n - 4*n + 14 = 0. List the prime factors of n.
7
Let z be (-6)/5*(2 - -3). Let y be 9/(2/(-8)*z). What are the prime factors of (-1)/(-3) + 40/y?
7
Let l = 281 - 103. List the prime factors of l.
2, 89
Suppose -3*a + 0 = -18. Suppose 0 = j + 3 - 0. Let d = j + a. List the prime factors of d.
3
Let u(y) = y**3 + 3*y**2 - 6*y - 6. Let o = -5 - -1. Let z be u(o). Suppose 0*d = z*l - d - 29, 5*l = 5*d + 70. List the prime factors of l.
3, 5
Suppose g + 3*i = -2*i + 53, 4*g = -2*i + 266. Suppose 2*y + 2*y = g. What are the prime factors of y?
17
Let d(p) = -p**2 - p + 25. Let z be (-26)/(-91) - 2/7. List the prime factors of d(z).
5
Let o(p) be the third derivative of 0 - 1/20*p**5 - 1/6*p**4 + 1/2*p**3 + 1/120*p**6 + 0*p - 3*p**2. List the prime factors of o(4).
3
Let j be (0 - 2 - 0) + 12. Let a = j - -12. List the prime factors of a.
2, 11
List the prime factors of (-8 - -312) + -2 + -3.
13, 23
Suppose -4*i + 4 = -4. What are the prime factors of -1 + 7 - 4/i?
2
Suppose -5*c = -0*c. Suppose -3*m - 9 - 61 = -5*a, 4*a + 2*m - 78 = c. What are the prime factors of a?
17
Let f(v) = -3*v**2 - 3*v + 2. Let x be f(2). What are the prime factors of (-396)/x + (-3)/(-12)?
5
Let a = 32 - 16. Let o = a + -12. List the prime factors of o.
2
Let n = 2 - -1. Suppose n*h + 2*h - 65 = 0. Suppose -h - 6 = 2*s - 5*x, -x + 5 = 0. What are the prime factors of s?
3
List the prime factors of (-49)/(0 - (2 - 1)).
7
Let o(k) = k**3 - 3*k**2 + k + 2. Let y(m) = -m**2 + 6*m - 3. Let u be y(5). Let z be o(u). Let p = 10 - z. List the prime factors of p.
2, 5
Let s be (12/(-15))/((-6)/15). Suppose 3 = s*g - 5. List the prime factors of g.
2
Let a be 4/6 - 2/3. Suppose 2*g + 8 = 6*g. Suppose a = b - 3*t + 4 - 16, g*b + 2*t = 16. List the prime factors of b.
3
Let c(t) = t**3 + 11*t**2 - 9. What are the prime factors of c(-10)?
7, 13
Let o(p) = 25*p**2 - 2*p + 1. Let s be o(1). Suppose -3*a + s = -2*a. What are the prime factors of a?
2, 3
Let j(c) = c**3 + c**2 + c + 1. Let g(o) = -o**3 - 6*o**2 - o - 1. Let v(i) = -g(i) - 2*j(i). What are the prime factors of v(3)?
5
List the prime factors of 60/80 - 1146/(-8).
2, 3
Let h(r) = r**2 + 3*r - 6. Suppose -2*k = 18 - 6. Let t be h(k). Let d = t - 3. What are the prime factors of d?
3
Let v = -72 - -111. List the prime factors of v.
3, 13
Let g(v) be the second derivative of -v**5/20 - v**4/6 + v**3/2 + 3*v**2/2 - 3*v. Let m be g(-3). Suppose -38 + m = -5*w. List the prime factors of w.
7
Suppose -3*w + 106 = -w. What are the prime factors of w?
53
Let z = -9 - -13. Suppose -13 = -z*k - 1. Suppose 4*j + h = j + 16, -4*j + k*h = -30. What are the prime factors of j?
2, 3
Let j(h) = -h**3 + 4*h**2 - 4*h + 3. Let n be j(2). Suppose -3*l + n*c + 8 = 2*c, 2*c + 13 = 5*l. What are the prime factors of (l/(-6))/((-2)/48)?
2, 3
Suppose -2*y + 72 = 4*y. What are the prime factors of (6 - 2)/4*y?
2, 3
Suppose -50 = -3*f - 17. Suppose -u = -34 - f. What are the prime factors of u?
3, 5
Suppose 0 = -3*f + 22 + 5. Suppose -9 = -p + f. List the prime factors of p.
2, 3
Let j = 99 + -50. What are the prime factors of j?
7
Let u be 2 - (2 + -1*2). Suppose 4 = -u*g + 28. Suppose 0*k + g = k. What are the prime factors of k?
2, 3
Let n be 0/2 + 2 - -41. Suppose 2*b - 7 = -3*y + 60, -2*y - 3*b = -n. What are the prime factors of y?
23
Let u = -23 - -74. List the prime factors of u.
3, 17
Suppose -9*v + v = -848. What are the prime factors of v?
2, 53
Let u be 1*-1 + (5 - 6). What are the prime factors of (1*15)/(u/(-2))?
3, 5
Let s = 70 + -43. Suppose -s - 12 = -v. What are the prime factors of v?
3, 13
Suppose 3*p - 8 = -m + 21, -45 = -3*p + 3*m. Suppose -x + 13 + p = 0. List the prime factors of x.
2, 3
Let f be 26/65 + 38/5. Let n = 15 + f. List the prime factors of n.
23
Let g(j) = j**3 - 7*j**2 - 13*j + 11. Let i be g(9). Suppose -5*s - 25 = 0, -3*r + 4*s = -r - i. What are the prime factors of r?
2, 3
Suppose 0 = b + 4, 446 = 11*m - 9*m - 3*b. What are the prime factors of m?
7, 31
Let j = -18 - -52. What are the prime factors of j?
2, 17
Let g = 125 - 203. Let d = 128 + g. Suppose 35 = 5*k - 3*c, -2*k - 2*k + d = 2*c. What are the prime factors of k?
2, 5
Suppose 0 = -5*m + 3*j + 105, j + 2*j = -15. List the prime factors of m.
2, 3
Suppose t = 18 - 3. Let p = -22 + t. Let g = -2 - p. List the prime factors of g.
5
Let q(c) = -c**3 - 8*c**2 - 8*c + 8. Let p be -8 + (3 - 2 - 0). List the prime factors of q(p).
3, 5
Let h = 139 + -72. List the prime factors of h.
67
Let s(p) = -p + 3. Let x be s(0). Let r be ((-1)/x)/(10/(-450)). Suppose -r = -5*v + 20. What are the prime factors of v?
7
Let s(l) = 3*l**2 - 1. List the prime factors of s(-4).
47
Let j(g) = g